1. Determine x(u).
-6
Let l(h) = -h**3 + 3*h**2 + 33*h - 37. Let t be l(7). Let m(f) = -4*f**3 - f**2 + 3*f + 1. Give m(t).
23
Let k(d) = -4*d + 5. Suppose -5*n - 12 = -n, 37 = 4*m + n. Suppose m + 1 = a. Let i(u) = 21*u - 25. Let x(l) = a*k(l) + 2*i(l). Give x(4).
-3
Suppose 2*o + 116 = -2*o. Let s = o + -7. Let r be ((12/(-3))/12)/(2/s). Let g(u) = u**3 - 5*u**2 - 7*u. Calculate g(r).
-6
Let m(s) = 11*s - 7. Let z(g) = 13*g - 9. Let c(r) = 6*m(r) - 5*z(r). Calculate c(8).
11
Let w(z) be the third derivative of z**5/30 - z**4/6 + 7*z**2 + 1. Let u be (6/5)/(2/(-5)). Let l be (-7)/(84/16)*u. Determine w(l).
16
Let j(l) = 2*l - 1. Let d be j(4). Suppose d = -2*h + 13. Let f(q) = -1094*q + 1094*q - 3*q**h. Calculate f(1).
-3
Suppose 4*u = -2*i + 38, 2*i = u - i + 8. Let q(c) = c**3 - 5*c**2 + 2*c + 7. Let g(v) = -4*v**3 + 13*v**2 - 5*v - 20. Let t(r) = u*q(r) + 2*g(r). Give t(-9).
-27
Let r(p) be the second derivative of 1/2*p**3 - 1/10*p**5 - 1/2*p**2 - 7*p - 24 - 1/12*p**4. Give r(-2).
5
Let y(h) = -h**2 + 7*h - 9. Let n be (20/65)/(77/(-1001)). Determine y(n).
-53
Let a(o) = -7*o - 6. Suppose -4 = 8*i + 2*c - 0, -4*c - 19 = 5*i. Give a(i).
-13
Let m(x) = -x**3 + 4*x**2 + 2*x - 3. Let b(n) = n**3 + 7*n**2 + 3*n - 12. Let v be b(-6). Let k be 4/(5 - -1 - (v + -1)). Calculate m(k).
5
Suppose -20*q + 24 = -8*q. Let b(m) = -3*m**2 + 13*m - 14. What is b(q)?
0
Let y(m) = -3*m + 29. Let p(l) = 3*l - 16. Let h(z) = -3*p(z) - 2*y(z). Suppose 0 = -6*g + 4*g - 10, -s + 5*g = -20. Give h(s).
5
Let o(h) = -h**2 - 15*h - 42. Suppose 222*r = -107 - 1003. Determine o(r).
8
Let p(d) = -2*d - 4. Let n(m) = 4*m - 42 + 29 + 19 + 15. Let s be n(-6). Let t be p(s). Let j(c) = -8*c + 2. Determine j(t).
-14
Let x be ((-116)/(-203))/((-2)/(-7)). Let w(m) = -6*m**x - 1 + m - 12*m**2 + 5*m - 8*m. What is w(-1)?
-17
Suppose 0 = 5*b - 6 - 10 + 1. Let o(d) = 2*d**3 - 2*d**2 - 4*d - 1. What is o(b)?
23
Let n(f) = -12*f**2 - 21*f + 3. Let q be n(-3). Let s be ((12/(-7))/(-4))/((-6)/q). Let o(m) = m**3 - 3*m**2 - 3*m + 7. Determine o(s).
-2
Let c = 2765 - 2780. Let k(y) = y**2 + 13*y + 14. Determine k(c).
44
Let h(u) be the third derivative of 0*u + 0*u**3 + 1/24*u**4 + 0 + 9*u**2 - 1/15*u**5. Calculate h(1).
-3
Let y(a) = 17 - 25*a**2 - 22*a - 5*a + 51*a**2 - 17 - 47 + a**3. Calculate y(-27).
-47
Let o(t) = 9*t - 17. Suppose -3*q = -30*d + 33*d - 6, -q = -6. What is o(d)?
-53
Let t(j) = -j**2 + 5. Let s = -269 - -270. Let d(h) = -h. Let n(p) = s*t(p) + 2*d(p). What is n(-5)?
-10
Let i(o) = -4 - 4*o + 3*o - 2. Let l be (-53 - -51)*(-22)/4. Let p(r) = -49*r + 531. Let v be p(l). Calculate i(v).
2
Let c(f) = 3*f**3 + 19*f**2 + 13*f - 46. Let z(h) = -4*h**3 - 21*h**2 - 14*h + 44. Let q(b) = -3*c(b) - 2*z(b). Give q(-14).
8
Let h(a) be the second derivative of -a**7/840 - a**6/120 - 7*a**4/24 - 10*a**3/3 + a**2 + 5*a - 7. Let d(t) be the second derivative of h(t). What is d(-4)?
9
Suppose -5*i = -i - 3*r - 80, 3*r = -3*i + 39. Let l(o) = i - 41 + 27*o - 2*o**2 + 16 - 35*o. What is l(-4)?
-8
Let z(a) = 2941*a**2 + 9 - 8 - 2942*a**2. Let b(s) = s**3 + s**2 - 5*s - 2. Suppose 8 = -3*i - 1. Let w be b(i). Give z(w).
-24
Let c(y) be the second derivative of y**5/20 - 11*y**4/12 - y**3/2 + 17*y**2 + 774*y. Determine c(11).
1
Let d(x) = x**3 - 2*x**2 - 2*x. Let h = 3670 - 3671. Determine d(h).
-1
Let o be 15 + (-1)/(-4)*(60/5 - 8). Let m(d) = d**2 - 14*d - 46. Determine m(o).
-14
Suppose -2*o + 0*o + 32 = 0. Suppose 21*z = o*z - 30. Let r(m) = m**3 + 7*m**2 + 5*m - 7. What is r(z)?
-1
Suppose 4 - 3 = -o. Let c(g) be the first derivative of -g**3 + 3*g**2 - 113. Let k(b) = 16*b**2 - 28*b. Let r(y) = 14*c(y) + 3*k(y). Calculate r(o).
6
Let z(n) = 15*n**2 - 35*n - 194. Let p(d) = -8*d**2 + 18*d + 105. Let y(q) = -9*p(q) - 5*z(q). Give y(-2).
-13
Let v(x) = x**3 + 7*x**2 + 14*x + 8. Let b = 10107 + -10113. Determine v(b).
-40
Let i(n) = -n**2 - 13*n - 18. Suppose -7*f - 648 = 35*f + 12*f. Give i(f).
-6
Let m(h) = -6*h + 32. Let z be -1 - (1 + -10 + 3). Determine m(z).
2
Let l(v) = v**2 - 2*v - 12. Suppose -88 + 76 = 4*j. Let u be j/2*(-10 + 570/45). Calculate l(u).
12
Let u(g) = -5*g**3 + 4*g**2 - 5*g + 4. Let q be ((-153)/(-18) - 8)/2*8. What is u(q)?
-30
Let o(k) = -192*k + 69*k + 63*k + 57*k - 6. Let a(s) = 2*s**2 - 4*s - 8. Let f be a(3). Determine o(f).
0
Let y(q) = -2*q**2 - 22*q + 11. Let c = 608 - 620. Give y(c).
-13
Let l(f) = -58*f + 130. Let z be (-15)/55 + 275/121. Determine l(z).
14
Let f(h) = -h**2 - 8*h - 7. Suppose 0 = 8*i - 5*i + 5*o + 44, -5*i - 24 = -4*o. Let k be i/(-44) + ((-560)/22)/8. Give f(k).
8
Let r(i) be the second derivative of i**3/6 + 27*i**2/2 - 11*i + 78. Determine r(-9).
18
Let m(x) = 228*x - 210. Let a be m(1). Let n(u) = -u**2 + 23*u - 21. What is n(a)?
69
Let m(v) = v**3 + 3*v**2 - v - 5. Suppose 113 = 7*h + 15. Let k be (-2)/(-14) - 58/h. Determine m(k).
-17
Let v(j) be the third derivative of -j**8/6720 - j**7/1008 - j**6/240 - 29*j**5/30 - 8*j**2 + 3*j. Let q(i) be the third derivative of v(i). Give q(-3).
-15
Let r be -4 + 7 + -3 + 5. Let a be ((-1)/r)/(5/(-25)). Suppose -9*j - a = -8*j. Let s(h) = -h**2 - 2*h - 1. Calculate s(j).
0
Let s(o) be the third derivative of -13*o**4/6 - 123*o**3/2 + 78*o**2 - 13*o. Calculate s(-7).
-5
Let j(u) be the first derivative of 5*u**2/2 + 7*u - 4440. Suppose 1 = -4*s - 5*d, 2 = -3*s - 3*d - 1. What is j(s)?
-13
Let l(x) = x**3 + 8*x**2 - 9*x - 6. Let w be 10/10 - (-1)/1. Suppose -6*z = -w*z - 168. Let y be ((-9)/2)/(21/z). What is l(y)?
-6
Suppose 3*c + 20 = d, -5*d + 0*c + 49 = 2*c. Let x = d + -7. Let y(n) = n**2 - 5*n - 2. Let o be y(x). Let r(w) = w + 6. Determine r(o).
0
Let o(f) be the third derivative of -f**5/15 + f**4/24 + f**2. Suppose 4*g + g + 4321 = 2*y, -3*g + 2*y - 2595 = 0. Let q = 865 + g. What is o(q)?
-14
Suppose -15*k - 43 = -478. Suppose 0 = -2*i - 2, a - 1 = 3*i - 2*i. Suppose a = -6*h + 77 - k. Let u(b) = -2*b + 4. What is u(h)?
-12
Let u be ((8/12)/(26/351))/((-6)/4). Let l(c) = c**3 + 7*c**2 + 15*c - 1. Let z(a) = a - 1. Let i(f) = l(f) - 6*z(f). Give i(u).
-13
Let b(z) = -6*z**2 - 2 + 1314*z**3 - 1315*z**3 - z + 6*z. What is b(-7)?
12
Suppose 35*i - 24 = 37*i. Let m(k) = -k - 17. Let q(t) = t**3 - 10*t**2 - 10*t - 10. Let u be q(11). Let j(p) = -p. Let s(a) = u*j(a) + m(a). Calculate s(i).
7
Let p(q) = q**2 - 14*q + 18. Suppose m - 21 = -m + 5*i, 0 = 4*m + 4*i + 28. Let b be (38 + -14)*(-2 - 5/m). What is p(b)?
-6
Let o(i) = -6*i**2 - i - 5. Suppose -3*s = -g - 9, 196*s - 200*s - 3*g = -12. Determine o(s).
-62
Let k be 7 + -4 + -5 + 18. Let z be -1*2/k - 10/(-80). Let t(b) = b**3 + b**2 - 10. Calculate t(z).
-10
Let l(h) be the first derivative of -3*h**2/2 - 68*h + 1328. Calculate l(-25).
7
Let r(p) = -3*p + 4. Let q(y) = 2*y**2 - 241*y + 1150. Let c be q(5). Give r(c).
19
Let l(s) = -s**2 + 8*s + 1. Let b be -1 + 3/(30/(-8))*-5. Suppose -3*i - 5*d + b + 34 = 0, 3*i = -d + 29. Determine l(i).
-8
Let f(l) = 1. Suppose -p = -a - 3*p - 2, 4*p - 8 = 4*a. Let i be 3/5 - (-14)/35. Let k(m) = -m**2 + 6*m + 1. Let u(n) = a*f(n) + i*k(n). Give u(7).
-8
Let w(g) = g**3 - 7*g**2 - g + 5. Let t = -75 - -102. Let j = -27 + t. Suppose j = 5*f + 92 - 127. What is w(f)?
-2
Let x(r) be the first derivative of r**4/4 + r**3 - r**2 - r + 3045. Calculate x(2).
15
Let d(p) = -953*p + 237*p + 246*p - p**2 - 4 + 241*p + 237*p. Let u = -6 - -10. Suppose k = -u*h + 33, -h - 11 = h - 5*k. Determine d(h).
3
Let j(m) = m + 4. Let z = 0 - -6. Suppose -4*o = -13 + 1, o = -n + z. Let p(a) = 3. Let l(x) = n*p(x) - 2*j(x). Calculate l(3).
-5
Let g(m) = -m**3 + 4*m**2 - 2*m + 30. Suppose 32*v = 121*v. Determine g(v).
30
Suppose -38*a + 33*a + 210 = 0. Suppose -19*w + a = -5*w. Let v(c) = -c**3 + 4*c**2 + c + 1. Determine v(w).
13
Let b = -13 - -4. Let m = b + 9. Let s(a) = -15 + 2*a - 3*a**2 + 2*a**2 + m*a - a. Calculate s(0).
-15
Let w be ((-51)/6 - -4)*332/(-249). Let r(a) = -a**2 + 2*a + 15. Calculate r(w).
-9
Let v(q) = -2*q**3 - 19*q**2 + 39*q - 41. Let t(a) = a**3 + 8*a**2 - 19*a + 21. Let b(r) = 13*t(r) + 6*v(r). What is b(11)?
5
Let m(u) = 3*u + 28. Let x be m(-10). Let f be x/(10/(-12) - 6/(-18)). Suppose f*d - 6*j = -2*j, -5*d - 4*j = -36. Let w(s) = s**2 - 4*s - 1. What is w(d)?
-1
Let k(f) = -3 - 4*f**3